or of 7407570 and 60?
30
Calculate the highest common factor of 307230 and 3021.
57
Calculate the highest common divisor of 860952300 and 585.
195
What is the greatest common divisor of 177748 and 1467622?
2402
Calculate the greatest common divisor of 1820 and 39592670.
130
Calculate the greatest common factor of 636 and 670874.
106
Calculate the greatest common divisor of 801 and 199805.
89
Calculate the greatest common divisor of 79799 and 148852.
199
Calculate the highest common factor of 246 and 3081096618.
246
Calculate the highest common divisor of 54302038 and 2128.
266
Calculate the greatest common divisor of 45760328 and 34.
34
Calculate the greatest common factor of 4548 and 2544.
12
What is the highest common divisor of 10786251 and 21?
21
What is the highest common divisor of 301996008 and 9?
9
What is the highest common factor of 500862 and 102?
6
What is the greatest common divisor of 191090 and 1700110?
1970
What is the highest common divisor of 754 and 10017384?
26
Calculate the highest common divisor of 1725093 and 135.
9
What is the highest common factor of 6846 and 144172?
14
What is the highest common divisor of 3038435 and 305?
5
What is the highest common factor of 97088488 and 224?
56
Calculate the greatest common factor of 450 and 23380095.
15
Calculate the highest common factor of 64021012 and 44.
44
What is the greatest common factor of 473057545 and 12620?
3155
What is the highest common factor of 1856710 and 1020070?
830
Calculate the greatest common divisor of 7261040 and 4080.
1360
What is the greatest common divisor of 21400 and 17336?
8
Calculate the greatest common divisor of 30623152 and 111328.
7952
What is the greatest common factor of 11347 and 5670?
7
Calculate the greatest common divisor of 33 and 58336421.
11
What is the greatest common divisor of 30913403 and 253?
23
Calculate the highest common factor of 270015 and 53620.
1915
Calculate the highest common factor of 191988 and 1008.
36
Calculate the highest common divisor of 69473016 and 17.
17
What is the highest common factor of 38601865 and 40?
5
What is the highest common factor of 13445 and 4085?
5
What is the greatest common factor of 2260 and 7211095?
565
What is the greatest common factor of 213409 and 2620807?
301
Calculate the highest common factor of 358288614 and 1692.
846
Calculate the highest common factor of 483558 and 71878.
166
What is the highest common factor of 2576 and 3029012?
28
Calculate the highest common divisor of 1561 and 3369373.
7
Calculate the greatest common divisor of 1040443504 and 16.
16
Calculate the greatest common divisor of 236 and 63130.
118
Calculate the greatest common divisor of 1720 and 10699045.
215
What is the greatest common factor of 9404335 and 135?
5
Calculate the highest common factor of 14474705 and 9085.
115
Calculate the highest common factor of 1088886644 and 2188.
2188
Calculate the greatest common factor of 2168902 and 8.
2
Calculate the highest common divisor of 63544 and 111260656.
4888
Calculate the highest common divisor of 185779924 and 1012.
1012
Calculate the greatest common divisor of 201 and 171966756.
201
What is the highest common divisor of 60908752 and 16?
16
Calculate the greatest common divisor of 924 and 1728408.
132
Calculate the highest common divisor of 1736636 and 154396.
1276
Calculate the greatest common divisor of 7352086 and 57584.
122
Calculate the highest common factor of 13088 and 7131324.
1636
Calculate the greatest common divisor of 448 and 1124064.
32
What is the greatest common factor of 307284 and 7221?
87
Calculate the highest common divisor of 901953 and 158331.
1779
Calculate the highest common factor of 108 and 122334.
6
Calculate the highest common divisor of 10362 and 32340.
66
What is the greatest common factor of 45708 and 22052352?
3516
What is the highest common factor of 393525 and 9?
9
What is the greatest common factor of 1564156 and 1034132?
836
Calculate the greatest common factor of 148487 and 106323.
83
What is the greatest common divisor of 1840 and 4370230?
230
Calculate the highest common factor of 8448 and 13812.
12
What is the highest common divisor of 6156 and 431300?
76
Calculate the highest common divisor of 8912211 and 1463.
77
What is the highest common divisor of 86040 and 76080?
120
Calculate the greatest common factor of 8219745 and 81.
27
Calculate the greatest common factor of 48 and 180606.
6
Calculate the highest common divisor of 96 and 58684256.
32
Calculate the greatest common divisor of 263691 and 76248.
3177
What is the highest common divisor of 232635 and 71565?
195
Calculate the highest common divisor of 742 and 222404.
14
What is the highest common factor of 18528321 and 723?
723
What is the highest common divisor of 838285 and 17395?
35
What is the greatest common divisor of 17778098 and 26286?
8762
Calculate the highest common factor of 9384 and 2091459.
1173
What is the highest common factor of 3508224 and 1843188?
6852
What is the greatest common factor of 88820728 and 35968?
2248
What is the highest common factor of 201615 and 198255?
15
What is the highest common factor of 35 and 2465035?
5
What is the highest common factor of 55 and 721061?
11
Calculate the highest common divisor of 594 and 12560922.
198
Calculate the greatest common factor of 6756476 and 140068.
1444
Calculate the highest common factor of 801062833 and 173.
173
Calculate the highest common divisor of 922938 and 64034.
202
What is the greatest common divisor of 951166020 and 840?
420
Calculate the greatest common divisor of 4658 and 949136.
274
Calculate the highest common divisor of 1324 and 9165721.
331
Calculate the highest common factor of 125952 and 648.
24
What is the greatest common factor of 2162996 and 357676?
484
Calculate the greatest common divisor of 474016 and 3488.
32
Calculate the greatest common factor of 139410 and 2637.
9
Calculate the greatest common divisor of 18719325 and 5526.
2763
Calculate the greatest common factor of 1510 and 13720.
10
What is the greatest common factor of 415 and 95346665?
415
What is the greatest common divisor of 12920 and 118969621?
323
Calculate the greatest common divisor of 80257350 and 10350.
3450
What is the greatest common divisor of 81827109 and 546?
273
What is the greatest common divisor of 1279904 and 111?
37
Calculate the highest common divisor of 34201 and 621.
23
What is the highest common factor of 54 and 1179381006?
54
Calculate the greatest common divisor of 400055 and 652993.
2581
What is the greatest common divisor of 5026040 and 25?
5
Calculate the highest common divisor of 165336 and 46176.
24
What is the highest common factor of 131542 and 713874?
1478
What is the greatest common divisor of 13338396 and 117?
9
Calculate the highest common divisor of 12185523 and 8001.
8001
What is the greatest common factor of 2722923 and 6048?
189
What is the highest common factor of 120220018 and 4527?
503
What is the greatest common factor of 432381 and 6969?
303
Calculate the greatest common factor of 18162 and 5734147.
1009
Calculate the highest common factor of 3120 and 237360.
240
Calculate the greatest common divisor of 336 and 716728.
8
Calculate the highest common factor of 541098 and 14076.
414
Calculate the greatest common factor of 5 and 10239065.
5
Calculate the greatest common divisor of 316782469 and 271.
271
Calculate the highest common factor of 4763 and 115621.
11
What is the highest common factor of 1248 and 1353864?
24
What is the highest common divisor of 12274 and 1123972?
34
What is the greatest common divisor of 325694169 and 477?
477
Calculate the greatest common factor of 33891 and 268554.
429
Calculate the highest common divisor of 1932 and 1511836.
92
Calculate the highest common factor of 663 and 5208879.
39
What is the greatest common divisor of 3967626 and 312?
78
What is the greatest common divisor of 228 and 117804?
12
Calculate the highest common factor of 328 and 39564344.
328
What is the highest common divisor of 162487334 and 355?
71
What is the highest common divisor of 59267 and 34122?
47
What is the greatest common factor of 864 and 319437?
27
What is the highest common factor of 12074148 and 12971?
1853
Calculate the highest common factor of 4883680 and 